when 8344 is divided by 1384?
40
Calculate the remainder when 23541 is divided by 7839.
24
What is the remainder when 330 is divided by 48?
42
What is the remainder when 1005 is divided by 573?
432
Calculate the remainder when 1210 is divided by 446.
318
What is the remainder when 159997 is divided by 53329?
10
What is the remainder when 227253 is divided by 150?
3
Calculate the remainder when 1023 is divided by 340.
3
Calculate the remainder when 28030 is divided by 63.
58
What is the remainder when 307 is divided by 123?
61
What is the remainder when 7453 is divided by 102?
7
What is the remainder when 16287 is divided by 1815?
1767
What is the remainder when 209584 is divided by 26?
24
What is the remainder when 82057 is divided by 1109?
1100
Calculate the remainder when 2555 is divided by 1185.
185
Calculate the remainder when 9014 is divided by 46.
44
Calculate the remainder when 160442 is divided by 27.
8
Calculate the remainder when 39328 is divided by 1895.
1428
What is the remainder when 49470 is divided by 596?
2
Calculate the remainder when 76846 is divided by 5911.
3
What is the remainder when 25009 is divided by 142?
17
What is the remainder when 22951 is divided by 201?
37
Calculate the remainder when 43154 is divided by 935.
144
Calculate the remainder when 15241 is divided by 346.
17
What is the remainder when 2497 is divided by 495?
22
Calculate the remainder when 30494 is divided by 897.
893
What is the remainder when 1527 is divided by 165?
42
What is the remainder when 405877 is divided by 139?
136
What is the remainder when 13046 is divided by 80?
6
What is the remainder when 2040 is divided by 73?
69
What is the remainder when 3511 is divided by 402?
295
Calculate the remainder when 73478 is divided by 40.
38
Calculate the remainder when 1810 is divided by 150.
10
Calculate the remainder when 1331 is divided by 1127.
204
What is the remainder when 1310089 is divided by 994?
991
Calculate the remainder when 27623 is divided by 9116.
275
Calculate the remainder when 27288 is divided by 117.
27
What is the remainder when 342881 is divided by 114284?
29
Calculate the remainder when 787 is divided by 760.
27
Calculate the remainder when 5810 is divided by 644.
14
Calculate the remainder when 8834 is divided by 155.
154
What is the remainder when 111755 is divided by 288?
11
What is the remainder when 1020 is divided by 412?
196
What is the remainder when 3232 is divided by 136?
104
What is the remainder when 6124 is divided by 1530?
4
What is the remainder when 4261 is divided by 2189?
2072
What is the remainder when 54974 is divided by 229?
14
Calculate the remainder when 187193 is divided by 12.
5
What is the remainder when 40926 is divided by 40898?
28
Calculate the remainder when 15454 is divided by 529.
113
What is the remainder when 610257 is divided by 10?
7
Calculate the remainder when 16328 is divided by 4081.
4
What is the remainder when 406 is divided by 26?
16
What is the remainder when 800725 is divided by 91?
16
Calculate the remainder when 1544266 is divided by 14.
10
What is the remainder when 6665 is divided by 2189?
98
What is the remainder when 645 is divided by 11?
7
What is the remainder when 90602 is divided by 79?
68
What is the remainder when 29887 is divided by 4?
3
Calculate the remainder when 299 is divided by 158.
141
Calculate the remainder when 30356 is divided by 6070.
6
What is the remainder when 6172 is divided by 309?
301
Calculate the remainder when 43345 is divided by 43319.
26
What is the remainder when 1874407 is divided by 10?
7
What is the remainder when 127050 is divided by 536?
18
What is the remainder when 1879 is divided by 327?
244
Calculate the remainder when 530 is divided by 56.
26
Calculate the remainder when 52866 is divided by 5870.
36
What is the remainder when 8810 is divided by 1760?
10
Calculate the remainder when 544702 is divided by 21.
4
What is the remainder when 48869 is divided by 17?
11
Calculate the remainder when 35994 is divided by 5891.
648
Calculate the remainder when 1847549 is divided by 1635.
1634
Calculate the remainder when 3771 is divided by 1254.
9
What is the remainder when 670089 is divided by 228?
225
What is the remainder when 451 is divided by 352?
99
What is the remainder when 4739 is divided by 363?
20
What is the remainder when 110001 is divided by 96?
81
Calculate the remainder when 41715 is divided by 10.
5
Calculate the remainder when 1352548 is divided by 25.
23
Calculate the remainder when 5791 is divided by 207.
202
Calculate the remainder when 15472 is divided by 968.
952
What is the remainder when 81843 is divided by 149?
42
Calculate the remainder when 1634465 is divided by 55.
30
What is the remainder when 4989 is divided by 23?
21
Calculate the remainder when 20137 is divided by 458.
443
What is the remainder when 27645 is divided by 318?
297
What is the remainder when 97052 is divided by 33?
32
Calculate the remainder when 2807 is divided by 156.
155
What is the remainder when 35154 is divided by 27?
0
Calculate the remainder when 4917 is divided by 46.
41
What is the remainder when 22476 is divided by 7485?
21
What is the remainder when 962 is divided by 759?
203
Calculate the remainder when 56088 is divided by 93.
9
Calculate the remainder when 2678 is divided by 25.
3
Calculate the remainder when 57578 is divided by 92.
78
Calculate the remainder when 1740024 is divided by 427.
426
Calculate the remainder when 45939 is divided by 730.
679
What is the remainder when 206617 is divided by 234?
229
Calculate the remainder when 9500 is divided by 475.
0
What is the remainder when 77641 is divided by 809?
786
Calculate the remainder when 2208 is divided by 221.
219
What is the remainder when 376 is divided by 207?
169
Calculate the remainder when 5685 is divided by 6.
3
What is the remainder when 14530 is divided by 373?
356
Calculate the remainder when 4610 is divided by 4598.
12
Calculate the remainder when 26742 is divided by 12.
6
What is the remainder when 11658 is divided by 1796?
882
Calculate the remainder when 812 is divided by 321.
170
Calculate the remainder when 424264 is divided by 302.
256
What is the remainder when 480503 is divided by 2966?
11
What is the remainder when 276943 is divided by 26?
17
Calculate the remainder when 5870 is divided by 1231.
946
What is the remainder when 69878 is divided by 3038?
4
Calculate the remainder when 42509 is divided by 9.
2
What is the remainder when 24812 is divided by 141?
137
What is the remainder when 202880 is divided by 44?
40
What is the remainder when 4660 is divided by 39?
19
What is the remainder when 18117 is divided by 62?
13
What is the remainder when 40820 is divided by 22?
10
What is the remainder when 689984 is divided by 9?
8
Calculate the remainder when 1375 is divided by 228.
7
Calculate the remainder when 16638 is divided by 5539.
21
What is the remainder when 139602 is divided by 205?
202
What is the remainder when 1218180 is divided by 243633?
15
What is the remainder when 373199 is divided by 10366?
23
Calculate the remainder when 112019 is divided by 195.
89
Calculate the remainder when 2506 is divided by 2312.
194
What is the remainder when 23805 is divided by 279?
90
Calculate the remainder when 4082 is divided by 391.
172
Calculate the remainder when 1150 is divided by 21.
16
Calculate the remainder when 2525 is divided by 812.
89
What is the remainder when 1523 is divided by 213?
32
Calculate the remainder when 142735 is divided by 88.
87
What is the remainder when 141358 is divided by 141355?
3
Calculate the remainder when 11950 is divided by 1343.
1206
What is the remainder when 336875 is divided by 31?
29
What is the remainder when 668 is divided by 216?
20
Calculate the remainder when 7474 is divided by 384.
178
What is the remainder when 18508 is divided by 133?
21
What is the remainder when 61124 is divided by 551?
514
What is the remainder when 7157 is divided by 1720?
277
What is the remainder when 248522 is divided by 16?
10
Calculate the remainder when 25731 is divided by 8574.
9
What is the remainder when 126681 is divided by 391?
388
What is the remainder when 9287 is divided by 3082?
41
What is the remainder when 7977 is divided by 20?
17
